717480?
7
What is the thousands digit of 1752188?
2
What is the tens digit of 7589528?
2
What is the units digit of 393847?
7
What is the units digit of 250387?
7
What is the hundreds digit of 1316825?
8
What is the hundred thousands digit of 10007737?
0
What is the units digit of 8354842?
2
What is the hundreds digit of 847727?
7
What is the tens digit of 806803?
0
What is the hundreds digit of 657578?
5
What is the tens digit of 1058856?
5
What is the hundreds digit of 507410?
4
What is the ten thousands digit of 12668215?
6
What is the millions digit of 2925464?
2
What is the tens digit of 2542821?
2
What is the hundreds digit of 146703?
7
What is the tens digit of 265607?
0
What is the ten thousands digit of 37490250?
9
What is the tens digit of 2892444?
4
What is the units digit of 165501?
1
What is the thousands digit of 397059?
7
What is the units digit of 5888207?
7
What is the hundred thousands digit of 246653?
2
What is the tens digit of 11648512?
1
What is the millions digit of 5895841?
5
What is the tens digit of 203810?
1
What is the tens digit of 123088?
8
What is the units digit of 555829?
9
What is the tens digit of 1220600?
0
What is the ten thousands digit of 4032209?
3
What is the thousands digit of 243359?
3
What is the tens digit of 1439790?
9
What is the ten thousands digit of 7225973?
2
What is the tens digit of 178085?
8
What is the hundred thousands digit of 197153?
1
What is the hundreds digit of 31693?
6
What is the ten thousands digit of 8559791?
5
What is the units digit of 22179?
9
What is the tens digit of 293521?
2
What is the hundred thousands digit of 167778?
1
What is the thousands digit of 77800?
7
What is the hundreds digit of 8553681?
6
What is the thousands digit of 290475?
0
What is the hundreds digit of 8163021?
0
What is the hundred thousands digit of 19054793?
0
What is the ten thousands digit of 4320072?
2
What is the thousands digit of 1977?
1
What is the hundreds digit of 82484?
4
What is the units digit of 10829022?
2
What is the ten thousands digit of 711960?
1
What is the thousands digit of 335850?
5
What is the units digit of 16179926?
6
What is the thousands digit of 111419?
1
What is the millions digit of 26933873?
6
What is the thousands digit of 1597104?
7
What is the units digit of 539610?
0
What is the tens digit of 245921?
2
What is the tens digit of 191015?
1
What is the hundred thousands digit of 3849049?
8
What is the ten thousands digit of 4789040?
8
What is the ten thousands digit of 316956?
1
What is the hundred thousands digit of 849168?
8
What is the thousands digit of 436112?
6
What is the tens digit of 834234?
3
What is the units digit of 281926?
6
What is the hundred thousands digit of 202591?
2
What is the tens digit of 117669?
6
What is the tens digit of 391547?
4
What is the hundred thousands digit of 475912?
4
What is the millions digit of 24545154?
4
What is the thousands digit of 455343?
5
What is the hundred thousands digit of 1467885?
4
What is the thousands digit of 63691?
3
What is the thousands digit of 255600?
5
What is the millions digit of 4901573?
4
What is the thousands digit of 409921?
9
What is the hundred thousands digit of 2613524?
6
What is the ten thousands digit of 676994?
7
What is the thousands digit of 999260?
9
What is the ten thousands digit of 2334594?
3
What is the tens digit of 292966?
6
What is the units digit of 10286828?
8
What is the ten thousands digit of 381845?
8
What is the thousands digit of 3116444?
6
What is the units digit of 261341?
1
What is the hundreds digit of 5449846?
8
What is the thousands digit of 578378?
8
What is the ten thousands digit of 1828342?
2
What is the millions digit of 8859394?
8
What is the units digit of 241577?
7
What is the tens digit of 408128?
2
What is the thousands digit of 1956030?
6
What is the ten thousands digit of 70542?
7
What is the millions digit of 3042986?
3
What is the hundred thousands digit of 291503?
2
What is the units digit of 246567?
7
What is the hundred thousands digit of 800677?
8
What is the ten thousands digit of 19421297?
2
What is the millions digit of 2690410?
2
What is the thousands digit of 2205076?
5
What is the units digit of 8504569?
9
What is the hundred thousands digit of 311652?
3
What is the hundreds digit of 12587366?
3
What is the tens digit of 84001?
0
What is the hundreds digit of 21067747?
7
What is the thousands digit of 4442310?
2
What is the millions digit of 14889963?
4
What is the ten thousands digit of 3540462?
4
What is the tens digit of 75676?
7
What is the units digit of 5004480?
0
What is the hundreds digit of 212486?
4
What is the hundred thousands digit of 145884?
1
What is the thousands digit of 358374?
8
What is the thousands digit of 2420073?
0
What is the thousands digit of 4224614?
4
What is the hundreds digit of 4385612?
6
What is the tens digit of 13798004?
0
What is the ten millions digit of 12782994?
1
What is the thousands digit of 462481?
2
What is the ten thousands digit of 159582?
5
What is the tens digit of 2560729?
2
What is the hundred thousands digit of 121895?
1
What is the units digit of 288263?
3
What is the thousands digit of 266990?
6
What is the hundreds digit of 4204198?
1
What is the units digit of 200873?
3
What is the tens digit of 2309404?
0
What is the tens digit of 703604?
0
What is the hundreds digit of 93114?
1
What is the units digit of 648534?
4
What is the tens digit of 901415?
1
What is the units digit of 10274368?
8
What is the ten millions digit of 16205264?
1
What is the ten millions digit of 10244828?
1
What is the ten thousands digit of 16810?
1
What is the hundred thousands digit of 322770?
3
What is the ten thousands digit of 5500952?
0
What is the thousands digit of 1051122?
1
What is the hundred thousands digit of 748636?
7
What is the hundred thousands digit of 4417193?
4
What is the millions digit of 1339293?
1
What is the thousands digit of 342936?
2
What is the hundred thousands digit of 147947?
1
What is the units digit of 416371?
1
What is the ten thousands digit of 10220?
1
What is the ten thousands digit of 739665?
3
What is the thousands digit of 422260?
2
What is the units digit of 13965596?
6
What is the hundreds digit of 361096?
0
What is the ten millions digit of 11394113?
1
What is the hundred thousands digit of 6970377?
9
What is the hundreds digit of 3744016?
0
What is the ten thousands digit of 20771073?
7
What is the tens digit of 633158?
5
What is the units digit of 4164829?
9
What is the hundred thousands digit of 1621861?
6
What is the hundreds digit of 1539608?
6
What is the hundreds digit of 873388?
3
What is the ten thousands digit of 3341405?
4
What is the hundreds digit of 312747?
7
What is the hundreds digit of 493198?
1
What is the ten thousands digit of 30712?
3
What is the millions digit of 1286495?
1
What is the ten thousands digit of 2080470?
8
What is the hundreds digit of 18263594?
5
What is the tens digit of 1439898?
9
What is the hundred thousands digit of 6630672?
6
What is the tens digit of 2172024?
2
What is the ten thousands digit of 15842?
1
What is the hundreds digit of 287643?
6
What is the hundred thousands digit of 1561643?
5
What is the units digit of 445091?
1
What is the thousands digit of 115421?
5
What is the hundred thousands digit of 7466703?
4
What is the hundreds digit of 246002?
0
What is the ten thousands digit of 475273?
7
What is the ten thousands digit of 1342441?
4
What is the ten thousands digit of 86285?
8
What is the units digit of 38139?
9
What is the hundreds digit of 22349?
3
What is the millions digit of 8137782?
8
What is the hundreds digit of 164054?
0
What is the hundred thousands digit of 393969?
3
What is the units digit of 62748?
8
What is the ten thousands digit of 1014242?
1
What is the tens digit of 694404?
0
What is the hundred thousands digit of 446765?
4
What is the thousands digit of 8227417?
7
What is the units digit of 3155023?
3
What is the thousands digit of 4935?
4
What is the ten millions digit of 13835067?
1
What is the tens digit of 305992?
9
What is the hundreds digit of 143215?
2
What is the ten thousands digit of 456251?
5
What is the thousands digit of 1737623?
7
What is the tens digit of 132685?
8
What is the thous